. Let v be j(k). Let x(g) = v*g - 1 - g - 5*g. Determine x(-1).
0
Let z(j) be the second derivative of j**4/12 + 5*j**2/2 + 2*j + 13. Determine z(0).
5
Let f(h) = -h - 3. Suppose 2*r = -0*r + z + 6, -2*r + 2*z = -8. Suppose -4*q = -5*p + 143, r*q - 68 = -2*p - 0*q. Let k = p + -26. Determine f(k).
-8
Let u(b) = -3 + b**3 - 2*b**2 + 4*b**2 + 2*b**2. Let l be -16 - -11 - (-10 - -8). Determine u(l).
6
Let f(x) = -x**3 - 4*x**2 + 4. Let t(v) = 7*v**3 + 11*v + 8. Let n(h) = -3*h**3 - 5*h - 4. Let p(y) = 9*n(y) + 4*t(y). Let r be p(0). Determine f(r).
4
Let k(n) = -n**3 + 6*n**2 - 5*n - 7. Suppose 0 = 3*f - 2*x - 1 - 18, -5*f + 19 = 3*x. Suppose -f*t = 4*w - 8*w - 5, 25 = 5*w. Give k(t).
-7
Let f = -14 + -11. Let a = f - -29. Let y(n) = -n**3 + 3*n**2 + 2*n - 3. Calculate y(a).
-11
Let w(p) = 27*p**2 - 74*p - 114. Let m(s) = -5*s**2 + 15*s + 23. Let u(z) = -11*m(z) - 2*w(z). Give u(18).
-7
Let h(q) = -5*q - 49. Let o(b) = -b - 10. Let p(t) = 2*h(t) - 11*o(t). Let g(u) = 3*u + 25. Let w(y) = 2*g(y) - 5*p(y). Calculate w(9).
-1
Let v(m) be the first derivative of -m**5/20 + m**3/3 - 15. Let g(b) be the third derivative of v(b). Determine g(1).
-6
Let n = 57 - 43. Let b(x) = -18 - x**2 + 39 - 8 - n. Determine b(1).
-2
Let q(i) = i**3 - 10*i**2 + 10*i - 1. Suppose -387 = -62*p + 19*p. What is q(p)?
8
Let q(d) = -3*d + 3. Let z = -107 + 75. Let p = 29 + z. What is q(p)?
12
Let h = 164 + -170. Let v(k) = 3*k + 7. What is v(h)?
-11
Let h(t) = -t**2 - t + 30. Let v be h(5). Let z(a) be the third derivative of v + 1/60*a**5 + a**2 + 0*a + 1/24*a**4 + 1/3*a**3. Give z(0).
2
Let q(a) = a**3 + 4*a**2 + 4*a + 4. Let r be (-6)/(-51) + 96/51. Suppose -r*p + p = 3. Determine q(p).
1
Let b be (((-120)/(-16))/(-5))/((-3)/(-8)). Let o(m) = -m**3 - 3*m**2 + 3*m - 4. Determine o(b).
0
Suppose -6 = -0*d - d. Let q(s) = -2*s**3 - 4*s**2 + 1. Let y(x) = 11*x**3 + 30*x**2 - 3. Let h(w) = -6*q(w) - y(w). Determine h(d).
-3
Let r(g) = -5*g + 7. Suppose -13*f - 48 = -25*f. Give r(f).
-13
Let i(u) be the third derivative of u**5/60 + u**4/4 - 3*u**3 + 17*u**2. Let h(l) be the first derivative of i(l). Give h(-5).
-4
Let j(v) = -2*v**2 - v + 10. Let d be j(-3). Let i(f) = f + 6. Determine i(d).
1
Suppose 2*o + 16 = 44. Suppose -x - n - 3*n = o, 2*x - 27 = 3*n. Let p(f) = 3*f**3 + 7*f - 2*f**3 + 5*f**2 - 7 - 2*f**3. Give p(x).
-1
Suppose 0 = 20*g - 55 - 5. Let w(a) be the first derivative of -g*a + 3 + 1/2*a**2. Calculate w(-5).
-8
Let x(v) be the first derivative of v**3/3 + v**2/2 - 72. What is x(0)?
0
Let n(z) = -z - 4. Let d be n(-7). Let c(t) = -t**3 + 3*t + d + 3 + 6*t**2 + 3*t. Give c(7).
-1
Let w(d) = -d**3 + 6*d**2 - 6*d + 1. Let b = 2 - 9. Let c(l) = 4*l + 8. Let z(x) = 2*x + 5. Let t(r) = 2*c(r) - 5*z(r). Let f be t(b). Give w(f).
-4
Suppose 0 = -4*n - d + 1, 3*n - d = -314 + 306. Let s(a) = 6*a**2 + 3*a + 4. Let f = 3 + -2. Let h(m) = m + 1. Let p(r) = f*s(r) - 3*h(r). Calculate p(n).
7
Let p(v) = -2*v. Let s(m) = m**3 + 5*m**2 - 6. Let a be s(-4). Suppose 4*o - 46 = -10. Let i = a - o. Give p(i).
-2
Let o(s) = 4*s**2 + 15*s + 4. Let r(x) = -3*x**2 - 10*x - 3. Let l(b) = -5*o(b) - 7*r(b). Determine l(3).
-5
Let c = 12 - 6. Suppose -5*v = -c - 59. Let u = v - 13. Let y(q) = -q**3 - q**2 - q + 4. Determine y(u).
4
Let o(u) be the third derivative of u**4/3 - 26*u**2 - 2. What is o(-2)?
-16
Let i(w) be the third derivative of w**5/20 + w**4/12 - w**3/3 - 29*w**2. Suppose 5*f = -5*h + 5, 4*h + 2*f = -3*f + 7. Determine i(h).
6
Let n(a) = a + 3. Let y = 658 - 663. Give n(y).
-2
Let w(f) = -1 + f**2 - 2*f**2 - 4*f + 7*f + f + f. Calculate w(8).
-25
Let b(a) = 4*a - 3. Let i be 24/(-9)*7/((-84)/9). Calculate b(i).
5
Let a be (-5)/20*4/1*-3. Let c(l) = 4709*l - 1 - 4710*l + a. Let h = -6 + 9. Give c(h).
-1
Let q(v) = -v**3 + 3*v**2 + 3*v - 7. Let o be q(0). Let g(h) = -h**2 - 6*h + 2. Calculate g(o).
-5
Let s(q) = -3*q**3 - q**2 + 3*q. Let h(f) = -13*f**3 + 6*f - 13*f**3 - 2*f + 22*f**3 - f**2. Let k(r) = -4*h(r) + 5*s(r). Calculate k(0).
0
Let i(t) = -2*t**3 + t. Let x be -1*4 - 28/(-4). Suppose 2*b + x*z = -7, 2*z = b - 3*z - 16. Give i(b).
-1
Let w(g) = 12*g - 1. Let a(m) = m**2 - 49*m + 133. Let f be a(46). Determine w(f).
-61
Suppose -5*l + 4 = -1. Suppose 0 = 5*u - l + 31. Let t(a) = -a**3 - 6*a**2 - a - 8. Calculate t(u).
-2
Let u = 52 - 52. Suppose u = 2*h - 8. Let s(q) = q**2 - 2*q + 3. What is s(h)?
11
Let t(p) = p - 9. Let m(r) = r**3 + 7*r**2 + 4. Let a be m(-7). Suppose 0 = -4*o - a + 28. Let k be 0*(9/o + -1). Give t(k).
-9
Let s(p) = -8*p + 120. Let n be s(14). Let x(i) = -i + 4. Let b(k) = 4*k - 15. Let y(w) = 2*b(w) + 9*x(w). Determine y(n).
-2
Let w(a) = -25*a**2 + 23*a + 2. Let v(y) = -3*y**2 + y. Let n(z) = 8*v(z) - w(z). Calculate n(15).
-2
Let z(l) = l**2 - 6*l + 4. Suppose 0 = 4*p - 0*p + g - 15, 0 = -3*p + g + 13. Let n be z(p). Let v(y) = 2*y + 6. Give v(n).
-2
Let h(f) be the third derivative of f**6/120 + f**5/60 + f**2. Suppose -2*l = -4*y - 2, 0 = -3*l + 2*y - 0*y - 1. Determine h(l).
0
Let u(c) = -c**3 - 3*c**2 + 9*c - 4. Let p be u(-5). Let h(m) = -2*m**3 - m**2 + m - 1. Calculate h(p).
-3
Suppose 7*u - 3 = 4. Suppose -u = f - 3. Let v(b) = 2*b**3 - 4*b**2 + 3*b - 2. What is v(f)?
4
Let n(u) = 4*u - 15. Let c(l) = -2*l + 7. Let o(a) = 10*c(a) + 4*n(a). Calculate o(8).
-22
Let y(b) = b**3 - 7*b**2 - 10*b - 7. Let i be (18/(-12))/((-15)/80). Calculate y(i).
-23
Let w(q) = -q - 8. Let x be w(-4). Let t(s) be the first derivative of s**2/2 - 3. What is t(x)?
-4
Let j(g) = -g + 2. Let n(w) = -w + 3. Let c(v) = -j(v) + 2*n(v). Give c(6).
-2
Let c(t) = 7*t**3 + 3*t**2 - 4*t + 5. Let k(p) = p**3. Let n(b) = -c(b) + 6*k(b). Suppose 488*x - 507*x - 95 = 0. Calculate n(x).
25
Let a(o) = 5*o**2 + 11*o - 1. Let r(u) be the second derivative of u**4/3 + 5*u**3/3 - u**2/2 - 8*u. Let w(x) = 3*a(x) - 4*r(x). Give w(-6).
7
Let k(z) = 3*z - 10. Let g(u) = 2*u - 11. Suppose 13 = 13*r + 65. Let i(d) = r*g(d) + 5*k(d). Give i(4).
22
Let v(d) be the second derivative of d**4/4 + 5*d**3/2 + 7*d**2/2 - 36*d + 2. Calculate v(-5).
7
Suppose -9*s = 17*s + 234. Let o(j) = j**3 + 8*j**2 - 10*j - 12. Calculate o(s).
-3
Let s(i) = i + 15. Let u(h) = h + 10. Let b(r) = 5*s(r) - 7*u(r). Let j = 2 - -3. Let t be (-14)/j - (-52)/65 - -7. Determine b(t).
-5
Let s(o) = -o**3 - 7*o**2 - 3*o - 3. Let l = -1288 - -1282. Give s(l).
-21
Suppose -10*u - 4*u + 28 = 0. Suppose 3*d = 0, 3*f + 8 = -u*d - 1. Let i(r) = r**3 + 3*r**2 - 3*r + 2. Determine i(f).
11
Let a(l) = 3*l**2 + 21*l - 14. Suppose -7*q - 29 - 6 = 0. Let i(m) = m**2 + 10*m - 7. Let t(z) = q*i(z) + 2*a(z). Calculate t(6).
-5
Let j(t) = t + 5. Suppose -5*p - 5*s = 0, 6*p + 5*s + 10 = 3*p. Suppose 2*a - 18 = 4*y, -11 = 4*y + p*a - 0. Determine j(y).
1
Suppose 0 = -32*l + 16 + 48. Let q(s) = s + 1. Give q(l).
3
Let z be (-24)/(-6) - -2*(0 - 4). Let f(g) = -2*g - 5. Calculate f(z).
3
Let s(j) = -j**2. Let d(g) = 10*g**3 + g. Let m be d(1). Let f = 11 - m. Let u be (4/(-8) + f)*0. Give s(u).
0
Let m(j) = j**3 + 12*j**2 + 13*j + 2. Suppose 5*d = -g + 3*g - 51, -2*g = -2*d - 18. What is m(d)?
-20
Let c(g) = -g**3 - 3*g**2 + 3*g**2 + 14 + 0*g**3. Suppose -2*h - 7 = -h. Let a = h + 7. Calculate c(a).
14
Let k(w) = 7*w + 45. Let a be k(-6). Let y(r) = -r**3 + 2*r**2 + 3*r + 1. What is y(a)?
1
Suppose 4*q - 4 = 2*q. Let o(v) = -2 - 7 + v**3 + v**q - 6*v**2 + 6*v + 3. Calculate o(4).
2
Let p = -37 - -83. Let s(k) = -2*k - 47 - 2*k + p + 0*k. Determine s(4).
-17
Let b(x) = 5*x**2 - x - 2. Let r(t) = 4*t**2 + 2*t - 1. Let k be r(2). Suppose -c - 5*v - 7 = -k, -5*c = -4*v - 2. Determine b(c).
16
Let i(u) = 13*u - 11. Let c(n) be the third derivative of -n**4/4 + 5*n**3/6 - 2*n**2. Let s(z) = -5*c(z) - 2*i(z). What is s(4)?
13
Suppose -4*u + b = -0*u + 16, -2*u = 3*b - 6. Let c(j) = -5*j - 3. Determine c(u).
12
Let u be 3 - (-2 + 2 - 2). Suppose 5*y + 8 = -3*f, -u*f - 2 = -y + 58. Let b = -15 - f. Let d(p) = -p**3 - 3*p**2 + 4*p - 2. Calculate d(b).
-2
Let u(c) = -c + 11 + 3*c**3 - 20 + 7*c**3 + 10. Let w(l) = 2*l - 17. Let o be w(9). What is u(o)?
10
Let y(c) = -c**3 - 5*c**2 - 5*c - 2. Suppose -4 = 4*v + 4*n, 4 = -3*v + 4*n - 13. Determine y(v).
-5
Let z(q) = 21*q. Let o(h) = -325*h. Let y(w) = 5*o(w) + 78*z(w). Suppose 0 = -2*g + 8, 